{"id":294,"date":"2023-09-27T19:20:06","date_gmt":"2023-09-27T17:20:06","guid":{"rendered":"http:\/\/cap-habitat2607.fr\/?page_id=294"},"modified":"2024-04-16T17:55:32","modified_gmt":"2024-04-16T15:55:32","slug":"nos-terrains","status":"publish","type":"page","link":"https:\/\/cap-habitat2607.fr\/?page_id=294","title":{"rendered":"Nos terrains"},"content":{"rendered":"\n<p style=\"font-size:22px\">Avec CAP Habitat 26-07, vous r\u00e9aliserez sur ces terrains la maison de vos r\u00eaves:<br>Nous r\u00e9alisons le projet qui vous convient, selon vos envies et votre budget. <br>Elle est garantie par le Contrat CCMI qui vous assure le prix et le d\u00e9lai (1).<\/p>\n\n\n\n<p style=\"font-size:15px\">Terrains s\u00e9lectionn\u00e9s pour vous, sous r\u00e9serve de disponibilit\u00e9 et au prix indiqu\u00e9 par notre partenaire foncier ou par le propri\u00e9taire.  Prix hors frais de notaire et autres frais annexes (Viabilit\u00e9s, VRD, taxes, am\u00e9nagement int\u00e9rieurs et ext\u00e9rieur, etc&#8230;)<\/p>\n\n\n\n<p style=\"font-size:15px\">Les informations sur les risques auxquels ces terrains sont expos\u00e9s sont disponibles sur le site <a href=\"https:\/\/www.georisques.gouv.fr\/cartes-interactives#\/show\/https%3A%2F%2Fmapsref.brgm.fr%2Fwxs%2Fgeoservices%2Frisques%3F\/ALEARG_REALISE\/852614.3264097662,6449311.89319759,883711.6829454699,6470437.294325546\/EPSG%3A2154\" target=\"_blank\" rel=\"noreferrer noopener\">georisques.gouv.fr<\/a>.<\/p>\n\n\n\n<div class=\"wp-block-columns is-layout-flex wp-container-core-columns-is-layout-9d6595d7 wp-block-columns-is-layout-flex\">\n<div class=\"wp-block-column is-layout-flow wp-block-column-is-layout-flow\" style=\"flex-basis:50%\">\n<figure class=\"wp-block-image size-full is-resized\"><img loading=\"lazy\" decoding=\"async\" width=\"2560\" height=\"1606\" src=\"https:\/\/cap-habitat2607.fr\/wp-content\/uploads\/2024\/04\/20240411_095216c-scaled.jpg\" alt=\"\" class=\"wp-image-692\" style=\"height:250px\" srcset=\"https:\/\/cap-habitat2607.fr\/wp-content\/uploads\/2024\/04\/20240411_095216c-scaled.jpg 2560w, https:\/\/cap-habitat2607.fr\/wp-content\/uploads\/2024\/04\/20240411_095216c-300x188.jpg 300w, https:\/\/cap-habitat2607.fr\/wp-content\/uploads\/2024\/04\/20240411_095216c-1024x643.jpg 1024w, https:\/\/cap-habitat2607.fr\/wp-content\/uploads\/2024\/04\/20240411_095216c-768x482.jpg 768w, https:\/\/cap-habitat2607.fr\/wp-content\/uploads\/2024\/04\/20240411_095216c-1536x964.jpg 1536w, https:\/\/cap-habitat2607.fr\/wp-content\/uploads\/2024\/04\/20240411_095216c-2048x1285.jpg 2048w, https:\/\/cap-habitat2607.fr\/wp-content\/uploads\/2024\/04\/20240411_095216c-1x1.jpg 1w\" sizes=\"auto, (max-width: 2560px) 100vw, 2560px\" \/><\/figure>\n<\/div>\n\n\n\n<div class=\"wp-block-column is-layout-flow wp-block-column-is-layout-flow\" style=\"flex-basis:60%\">\n<p style=\"font-size:18px\"><strong>BOURG DE PEAGE &#8211; Bois des Naix &#8211; 432m\u00b2 et 1030m\u00b2<\/strong><\/p>\n\n\n\n<p style=\"font-size:18px\">En face du Bois des Naix, nous vous proposons ces 2 parcelles de 432 et 1030m\u00b2.<\/p>\n\n\n\n<p>Au calme, proche de la nature, ce cadre est id\u00e9al pour votre projet de construction<\/p>\n\n\n\n<p>En partenariat avec <a style=\"font-weight: bold;\" href=\"https:\/\/www.3b-construction.fr\/\" target=\"_blank\" rel=\"noreferrer noopener\">3B Construction<\/a>, <\/p>\n\n\n\n<p>432m\u00b2 au prix de 84 000\u20ac &#8211; 1030m\u00b2 au prix de 160 000\u20ac<\/p>\n<\/div>\n<\/div>\n\n\n\n<div class=\"wp-block-columns is-layout-flex wp-container-core-columns-is-layout-9d6595d7 wp-block-columns-is-layout-flex\">\n<div class=\"wp-block-column is-layout-flow wp-block-column-is-layout-flow\" style=\"flex-basis:55%\">\n<p style=\"font-size:18px\"><strong>VION &#8211;<\/strong> <strong>809m\u00b2<\/strong><\/p>\n\n\n\n<p style=\"font-size:18px\">Entre Sarras et Tournon sur Rh\u00f4ne, nous vous proposons avec notre partenaire <a href=\"https:\/\/www.maisons-elfea.fr\/\" target=\"_blank\" rel=\"noreferrer noopener\">Maison ELFEA <\/a>un terrain hors lotissement<\/p>\n\n\n\n<p style=\"font-size:18px\">Prix: 86 000\u20ac<\/p>\n<\/div>\n\n\n\n<div class=\"wp-block-column is-layout-flow wp-block-column-is-layout-flow\" style=\"flex-basis:50%\">\n<figure class=\"wp-block-image size-medium is-resized\"><img loading=\"lazy\" decoding=\"async\" width=\"300\" height=\"135\" src=\"https:\/\/cap-habitat2607.fr\/wp-content\/uploads\/2024\/04\/20240315_121436-300x135.jpg\" alt=\"\" class=\"wp-image-694\" style=\"aspect-ratio:1.5075376884422111;width:375px;height:auto\" srcset=\"https:\/\/cap-habitat2607.fr\/wp-content\/uploads\/2024\/04\/20240315_121436-300x135.jpg 300w, https:\/\/cap-habitat2607.fr\/wp-content\/uploads\/2024\/04\/20240315_121436-1024x461.jpg 1024w, https:\/\/cap-habitat2607.fr\/wp-content\/uploads\/2024\/04\/20240315_121436-768x346.jpg 768w, https:\/\/cap-habitat2607.fr\/wp-content\/uploads\/2024\/04\/20240315_121436-1536x692.jpg 1536w, https:\/\/cap-habitat2607.fr\/wp-content\/uploads\/2024\/04\/20240315_121436-2048x922.jpg 2048w, https:\/\/cap-habitat2607.fr\/wp-content\/uploads\/2024\/04\/20240315_121436-1x1.jpg 1w\" sizes=\"auto, (max-width: 300px) 100vw, 300px\" \/><\/figure>\n<\/div>\n<\/div>\n\n\n\n<div class=\"wp-block-columns is-layout-flex wp-container-core-columns-is-layout-9d6595d7 wp-block-columns-is-layout-flex\">\n<div class=\"wp-block-column is-layout-flow wp-block-column-is-layout-flow\" style=\"flex-basis:55%\">\n<figure class=\"wp-block-image size-large is-resized\"><img loading=\"lazy\" decoding=\"async\" width=\"1024\" height=\"573\" src=\"https:\/\/cap-habitat2607.fr\/wp-content\/uploads\/2024\/01\/Photo-1-1-1024x573.jpg\" alt=\"\" class=\"wp-image-620\" style=\"height:250px\" srcset=\"https:\/\/cap-habitat2607.fr\/wp-content\/uploads\/2024\/01\/Photo-1-1-1024x573.jpg 1024w, https:\/\/cap-habitat2607.fr\/wp-content\/uploads\/2024\/01\/Photo-1-1-300x168.jpg 300w, https:\/\/cap-habitat2607.fr\/wp-content\/uploads\/2024\/01\/Photo-1-1-768x430.jpg 768w, https:\/\/cap-habitat2607.fr\/wp-content\/uploads\/2024\/01\/Photo-1-1-1536x859.jpg 1536w, https:\/\/cap-habitat2607.fr\/wp-content\/uploads\/2024\/01\/Photo-1-1-1x1.jpg 1w, https:\/\/cap-habitat2607.fr\/wp-content\/uploads\/2024\/01\/Photo-1-1.jpg 2000w\" sizes=\"auto, (max-width: 1024px) 100vw, 1024px\" \/><\/figure>\n<\/div>\n\n\n\n<div class=\"wp-block-column is-vertically-aligned-top is-layout-flow wp-block-column-is-layout-flow\" style=\"flex-basis:40%\">\n<p style=\"font-size:18px\"><strong>Grand-Serre &#8211; 640m\u00b2<\/strong>                               Avec notre partenaire <strong><a href=\"https:\/\/www.3b-construction.fr\/\" target=\"_blank\" rel=\"noreferrer noopener\">3B Construction<\/a><\/strong>, venez d\u00e9couvrir cette parcelle dans un cadre verdoyant. Secteur calme, tous commerces et services \u00e0 pied, vous profiterez d&rsquo;un projet de qualit\u00e9, parfaitement adapt\u00e9 \u00e0 vos besoins.<\/p>\n\n\n\n<p style=\"font-size:15px\">Parcelles de 370 \u00e0 640m\u00b2,  partir de 43 000\u20ac<\/p>\n<\/div>\n<\/div>\n\n\n\n<div class=\"wp-block-columns is-layout-flex wp-container-core-columns-is-layout-9d6595d7 wp-block-columns-is-layout-flex\">\n<div class=\"wp-block-column is-layout-flow wp-block-column-is-layout-flow\" style=\"flex-basis:60%\">\n<p style=\"font-size:18px\"><strong>Tain l&rsquo;Hermitage Nord- 1 400m\u00b2<\/strong><\/p>\n\n\n\n<p style=\"font-size:18px\">Disponible \u00e0 10 min de Tain, 5 min de St-Vallier,  3 magnifiques parcelle de 1 400 \u00e0 2 200m\u00b2.<\/p>\n\n\n\n<p>Pr\u00e9 r\u00e9servation possible d\u00e8s aujourd&rsquo;hui.<\/p>\n<\/div>\n\n\n\n<div class=\"wp-block-column is-layout-flow wp-block-column-is-layout-flow\" style=\"flex-basis:50%\">\n<figure class=\"wp-block-image size-full is-resized\"><img loading=\"lazy\" decoding=\"async\" width=\"502\" height=\"349\" src=\"https:\/\/cap-habitat2607.fr\/wp-content\/uploads\/2023\/11\/Vue-aerienne.jpg\" alt=\"\" class=\"wp-image-577\" style=\"height:250px\" srcset=\"https:\/\/cap-habitat2607.fr\/wp-content\/uploads\/2023\/11\/Vue-aerienne.jpg 502w, https:\/\/cap-habitat2607.fr\/wp-content\/uploads\/2023\/11\/Vue-aerienne-300x209.jpg 300w, https:\/\/cap-habitat2607.fr\/wp-content\/uploads\/2023\/11\/Vue-aerienne-1x1.jpg 1w\" sizes=\"auto, (max-width: 502px) 100vw, 502px\" \/><\/figure>\n<\/div>\n<\/div>\n\n\n\n<div class=\"wp-block-columns is-layout-flex wp-container-core-columns-is-layout-9d6595d7 wp-block-columns-is-layout-flex\">\n<div class=\"wp-block-column is-layout-flow wp-block-column-is-layout-flow\" style=\"flex-basis:50%\">\n<figure class=\"wp-block-image size-medium is-resized\"><img loading=\"lazy\" decoding=\"async\" width=\"300\" height=\"199\" src=\"https:\/\/cap-habitat2607.fr\/wp-content\/uploads\/2023\/10\/Vue-route-300x199.jpg\" alt=\"\" class=\"wp-image-371\" style=\"aspect-ratio:1.5075376884422111;width:375px;height:auto\" srcset=\"https:\/\/cap-habitat2607.fr\/wp-content\/uploads\/2023\/10\/Vue-route-300x199.jpg 300w, https:\/\/cap-habitat2607.fr\/wp-content\/uploads\/2023\/10\/Vue-route-768x511.jpg 768w, https:\/\/cap-habitat2607.fr\/wp-content\/uploads\/2023\/10\/Vue-route-1x1.jpg 1w, https:\/\/cap-habitat2607.fr\/wp-content\/uploads\/2023\/10\/Vue-route.jpg 856w\" sizes=\"auto, (max-width: 300px) 100vw, 300px\" \/><\/figure>\n<\/div>\n\n\n\n<div class=\"wp-block-column is-layout-flow wp-block-column-is-layout-flow\" style=\"flex-basis:55%\">\n<p style=\"font-size:18px\"><strong>Saint-Christophe et le Laris- 567m\u00b2<\/strong><\/p>\n\n\n\n<p style=\"font-size:18px\">A 20 min de Romans, 10 min de St-Donat et Hauterives, je vous propose avec notre partenaire <a href=\"https:\/\/www.maisons-elfea.fr\/\" target=\"_blank\" rel=\"noreferrer noopener\">Maison ELFEA <\/a>de devenir enfin propri\u00e9taire d&rsquo;une maison aux normes RE2020. La garantie du prix et du d\u00e9lai sont assur\u00e9s par le contrat CCMI.  Prix: 56 000\u20ac<\/p>\n<\/div>\n<\/div>\n\n\n\n<div class=\"wp-block-columns is-layout-flex wp-container-core-columns-is-layout-9d6595d7 wp-block-columns-is-layout-flex\">\n<div class=\"wp-block-column is-layout-flow wp-block-column-is-layout-flow\" style=\"flex-basis:60%\">\n<p style=\"font-size:18px\"><strong>ROMANS OUEST &#8211; 440m\u00b2<\/strong>                                     Avec notre partenaire <strong><a href=\"https:\/\/www.3b-construction.fr\/\" target=\"_blank\" rel=\"noreferrer noopener\">3B Construction<\/a><\/strong>, \u00e0 proximit\u00e9 de tous les commerces, ce terrain accueillera votre projet de construction: 1er projet ou maison pour une retraite heureuse, nous vous proposerons le plan adapt\u00e9 \u00e0 votre situation.                                                              Prix: 77 000\u20ac<\/p>\n<\/div>\n\n\n\n<div class=\"wp-block-column is-layout-flow wp-block-column-is-layout-flow\" style=\"flex-basis:60%\">\n<figure class=\"wp-block-image size-large is-resized\"><img loading=\"lazy\" decoding=\"async\" width=\"1024\" height=\"623\" src=\"https:\/\/cap-habitat2607.fr\/wp-content\/uploads\/2023\/10\/Vue-Nord-Ouest-Coupe-1024x623.jpg\" alt=\"\" class=\"wp-image-412\" style=\"height:220px\" srcset=\"https:\/\/cap-habitat2607.fr\/wp-content\/uploads\/2023\/10\/Vue-Nord-Ouest-Coupe-1024x623.jpg 1024w, https:\/\/cap-habitat2607.fr\/wp-content\/uploads\/2023\/10\/Vue-Nord-Ouest-Coupe-300x183.jpg 300w, https:\/\/cap-habitat2607.fr\/wp-content\/uploads\/2023\/10\/Vue-Nord-Ouest-Coupe-768x467.jpg 768w, https:\/\/cap-habitat2607.fr\/wp-content\/uploads\/2023\/10\/Vue-Nord-Ouest-Coupe-1x1.jpg 1w, https:\/\/cap-habitat2607.fr\/wp-content\/uploads\/2023\/10\/Vue-Nord-Ouest-Coupe.jpg 1093w\" sizes=\"auto, (max-width: 1024px) 100vw, 1024px\" \/><\/figure>\n<\/div>\n<\/div>\n\n\n\n<div class=\"wp-block-columns is-layout-flex wp-container-core-columns-is-layout-9d6595d7 wp-block-columns-is-layout-flex\">\n<div class=\"wp-block-column is-layout-flow wp-block-column-is-layout-flow\" style=\"flex-basis:65%\">\n<figure class=\"wp-block-image size-large is-resized\"><img loading=\"lazy\" decoding=\"async\" width=\"1024\" height=\"513\" src=\"https:\/\/cap-habitat2607.fr\/wp-content\/uploads\/2023\/10\/20231002_113508-coupe-1024x513.jpg\" alt=\"\" class=\"wp-image-404\" style=\"height:250px\" srcset=\"https:\/\/cap-habitat2607.fr\/wp-content\/uploads\/2023\/10\/20231002_113508-coupe-1024x513.jpg 1024w, https:\/\/cap-habitat2607.fr\/wp-content\/uploads\/2023\/10\/20231002_113508-coupe-300x150.jpg 300w, https:\/\/cap-habitat2607.fr\/wp-content\/uploads\/2023\/10\/20231002_113508-coupe-768x384.jpg 768w, https:\/\/cap-habitat2607.fr\/wp-content\/uploads\/2023\/10\/20231002_113508-coupe-1536x769.jpg 1536w, https:\/\/cap-habitat2607.fr\/wp-content\/uploads\/2023\/10\/20231002_113508-coupe-2048x1025.jpg 2048w, https:\/\/cap-habitat2607.fr\/wp-content\/uploads\/2023\/10\/20231002_113508-coupe-1x1.jpg 1w\" sizes=\"auto, (max-width: 1024px) 100vw, 1024px\" \/><\/figure>\n<\/div>\n\n\n\n<div class=\"wp-block-column is-vertically-aligned-top is-layout-flow wp-block-column-is-layout-flow\" style=\"flex-basis:40%\">\n<p style=\"font-size:18px\"><strong>Saint-Paul l\u00e8s Romans &#8211; 746m\u00b2<\/strong>                                   Au calme, proche du centre du village, cette derni\u00e8re parcelle accueillera votre projet de construction.  Prix: 92 500\u20ac<\/p>\n<\/div>\n<\/div>\n\n\n\n<div class=\"wp-block-columns is-layout-flex wp-container-core-columns-is-layout-9d6595d7 wp-block-columns-is-layout-flex\">\n<div class=\"wp-block-column is-layout-flow wp-block-column-is-layout-flow\" style=\"flex-basis:60%\">\n<p><strong>PEYRINS &#8211; 1 125m\u00b2<\/strong><\/p>\n\n\n\n<p>A la campagne, \u00e0 3 min du village, d\u00e9couvrez un environnement calme avec une vue d\u00e9gag\u00e9e                Prix: Nous consulter<\/p>\n<\/div>\n\n\n\n<div class=\"wp-block-column is-layout-flow wp-block-column-is-layout-flow\" style=\"flex-basis:50%\">\n<figure class=\"wp-block-image size-large is-resized\"><img loading=\"lazy\" decoding=\"async\" width=\"1024\" height=\"461\" src=\"https:\/\/cap-habitat2607.fr\/wp-content\/uploads\/2023\/10\/20231002_115817-1024x461.jpg\" alt=\"\" class=\"wp-image-369\" style=\"height:250px\" srcset=\"https:\/\/cap-habitat2607.fr\/wp-content\/uploads\/2023\/10\/20231002_115817-1024x461.jpg 1024w, https:\/\/cap-habitat2607.fr\/wp-content\/uploads\/2023\/10\/20231002_115817-300x135.jpg 300w, https:\/\/cap-habitat2607.fr\/wp-content\/uploads\/2023\/10\/20231002_115817-768x346.jpg 768w, https:\/\/cap-habitat2607.fr\/wp-content\/uploads\/2023\/10\/20231002_115817-1536x692.jpg 1536w, https:\/\/cap-habitat2607.fr\/wp-content\/uploads\/2023\/10\/20231002_115817-2048x922.jpg 2048w, https:\/\/cap-habitat2607.fr\/wp-content\/uploads\/2023\/10\/20231002_115817-1x1.jpg 1w\" sizes=\"auto, (max-width: 1024px) 100vw, 1024px\" \/><\/figure>\n<\/div>\n<\/div>\n\n\n\n<div class=\"wp-block-columns is-layout-flex wp-container-core-columns-is-layout-9d6595d7 wp-block-columns-is-layout-flex\">\n<div class=\"wp-block-column is-layout-flow wp-block-column-is-layout-flow\" style=\"flex-basis:65%\">\n<figure class=\"wp-block-image size-large is-resized\"><img loading=\"lazy\" decoding=\"async\" width=\"1024\" height=\"513\" src=\"https:\/\/cap-habitat2607.fr\/wp-content\/uploads\/2023\/10\/20231002_113508-coupe-1024x513.jpg\" alt=\"\" class=\"wp-image-404\" style=\"height:250px\" srcset=\"https:\/\/cap-habitat2607.fr\/wp-content\/uploads\/2023\/10\/20231002_113508-coupe-1024x513.jpg 1024w, https:\/\/cap-habitat2607.fr\/wp-content\/uploads\/2023\/10\/20231002_113508-coupe-300x150.jpg 300w, https:\/\/cap-habitat2607.fr\/wp-content\/uploads\/2023\/10\/20231002_113508-coupe-768x384.jpg 768w, https:\/\/cap-habitat2607.fr\/wp-content\/uploads\/2023\/10\/20231002_113508-coupe-1536x769.jpg 1536w, https:\/\/cap-habitat2607.fr\/wp-content\/uploads\/2023\/10\/20231002_113508-coupe-2048x1025.jpg 2048w, https:\/\/cap-habitat2607.fr\/wp-content\/uploads\/2023\/10\/20231002_113508-coupe-1x1.jpg 1w\" sizes=\"auto, (max-width: 1024px) 100vw, 1024px\" \/><\/figure>\n<\/div>\n\n\n\n<div class=\"wp-block-column is-vertically-aligned-top is-layout-flow wp-block-column-is-layout-flow\" style=\"flex-basis:40%\">\n<p style=\"font-size:18px\"><strong>Saint-Paul l\u00e8s Romans &#8211; 746m\u00b2<\/strong>                                   Au calme, proche du centre du village, cette derni\u00e8re parcelle accueillera votre projet de construction.  Prix: 92 500\u20ac<\/p>\n<\/div>\n<\/div>\n\n\n\n<div class=\"wp-block-columns is-layout-flex wp-container-core-columns-is-layout-9d6595d7 wp-block-columns-is-layout-flex\">\n<div class=\"wp-block-column is-layout-flow wp-block-column-is-layout-flow\" style=\"flex-basis:50%\"><\/div>\n\n\n\n<div class=\"wp-block-column is-layout-flow wp-block-column-is-layout-flow\" style=\"flex-basis:60%\"><\/div>\n<\/div>\n\n\n\n<p style=\"font-size:15px\">(1) &#8211; Contrat CCMI avec partenaire s\u00e9lectionn\u00e9 pour vous. <\/p>\n\n\n\n<p style=\"font-size:15px\">LE CCMI, r\u00e9git par la loi du 19 d\u00e9cembre 1990, offre une s\u00e9curit\u00e9 optimale pour les clients&nbsp;: Garantie de Livraison &#8211; Prix &amp; D\u00e9lais convenus &#8211; Assurance Dommage Ouvrage &#8211; Garantie de Parfait Ach\u00e8vement<\/p>\n","protected":false},"excerpt":{"rendered":"<p>Avec CAP Habitat 26-07, vous r\u00e9aliserez sur ces terrains la maison de vos r\u00eaves:Nous r\u00e9alisons le projet qui vous convient, selon vos envies et votre budget. Elle est garantie par le Contrat CCMI qui vous assure le prix et le d\u00e9lai (1). Terrains s\u00e9lectionn\u00e9s pour vous, sous r\u00e9serve de disponibilit\u00e9 et au prix indiqu\u00e9 par [&hellip;]<\/p>\n","protected":false},"author":1,"featured_media":0,"parent":0,"menu_order":0,"comment_status":"closed","ping_status":"closed","template":"","meta":{"footnotes":""},"class_list":["post-294","page","type-page","status-publish","hentry"],"_links":{"self":[{"href":"https:\/\/cap-habitat2607.fr\/index.php?rest_route=\/wp\/v2\/pages\/294","targetHints":{"allow":["GET"]}}],"collection":[{"href":"https:\/\/cap-habitat2607.fr\/index.php?rest_route=\/wp\/v2\/pages"}],"about":[{"href":"https:\/\/cap-habitat2607.fr\/index.php?rest_route=\/wp\/v2\/types\/page"}],"author":[{"embeddable":true,"href":"https:\/\/cap-habitat2607.fr\/index.php?rest_route=\/wp\/v2\/users\/1"}],"replies":[{"embeddable":true,"href":"https:\/\/cap-habitat2607.fr\/index.php?rest_route=%2Fwp%2Fv2%2Fcomments&post=294"}],"version-history":[{"count":53,"href":"https:\/\/cap-habitat2607.fr\/index.php?rest_route=\/wp\/v2\/pages\/294\/revisions"}],"predecessor-version":[{"id":697,"href":"https:\/\/cap-habitat2607.fr\/index.php?rest_route=\/wp\/v2\/pages\/294\/revisions\/697"}],"wp:attachment":[{"href":"https:\/\/cap-habitat2607.fr\/index.php?rest_route=%2Fwp%2Fv2%2Fmedia&parent=294"}],"curies":[{"name":"wp","href":"https:\/\/api.w.org\/{rel}","templated":true}]}}